v. Calculate the remainder when 25 is divided by v.
7
Suppose -2*p + r = -4*p + 16, 5*p = -4*r + 40. Calculate the remainder when 14/p - 1/(-4) is divided by 1.
0
Suppose -60*w + 58*w = -10. What is the remainder when 7 is divided by w?
2
Let j be (-2)/7 - (-166)/(-7). Let x = -10 - j. What is the remainder when 40 is divided by x?
12
Suppose 0 = f + 1, -b + 2*b + 3*f = 17. Calculate the remainder when 71 is divided by b.
11
Let d(c) = -32*c - 99. Let k = -31 - -55. Calculate the remainder when d(-6) is divided by k.
21
Suppose 62 = 5*k + 2. Let r = 2 - -1. What is the remainder when 176/(-12)*r/(-2) is divided by k?
10
What is the remainder when 1 is divided by 9/(-54) + 14/12?
0
Let g = -12 + 16. Let j = 1 + g. Calculate the remainder when 13 is divided by j.
3
Suppose -11*n + 9*n = -174. What is the remainder when n is divided by 22?
21
Suppose -6*d - 146 = -8*d. Calculate the remainder when d is divided by 19.
16
Let p = 30 - 6. What is the remainder when 636/9 + (-6)/9 is divided by p?
22
Calculate the remainder when 41 is divided by 26 + (14 - -1)/(-3).
20
Let h(r) = r**2 + 7*r + 2. Let i be h(-8). Calculate the remainder when 64 is divided by 222/i + (-2)/10.
20
Let k = 10 + 5. What is the remainder when 57 is divided by k?
12
Suppose -3*h = 3*m - 7*m + 55, 2*m - 3*h = 23. Calculate the remainder when 140 is divided by m.
12
Let p(a) = 3*a**2 + 4*a + 6. Let c(x) = x**2 - 5*x. What is the remainder when p(-3) is divided by c(6)?
3
What is the remainder when 16 - (-3 + 0 + 2) is divided by 4?
1
Let d = 22 - 5. Calculate the remainder when 33 is divided by d.
16
Let o = 10 + 1. Let u(a) = -a**2 - 12*a - 3. Calculate the remainder when u(-5) is divided by o.
10
Calculate the remainder when 34 is divided by 2*38/(-8)*(2 - 4).
15
Let f(t) = 7*t - 11. Suppose -3*k - 20 = -7*k. Suppose -k*g - 2 = -3*p + 3, 2*g = 2*p - 10. What is the remainder when f(4) is divided by p?
7
Suppose -126 = -7*j + 4*j. Suppose -2*k - k = -j. What is the remainder when 43 - (3 - 3) - 2 is divided by k?
13
Let f = 16 + -11. Suppose f*q + 0*q = 30. What is the remainder when 22 is divided by q?
4
Suppose -g = -0*g - 15. Suppose 0 = 3*j + 2*j - g. What is the remainder when 7 is divided by (0 + j - -1)/1?
3
Suppose 3*i = -5*h, 4*i - 3*i = 3*h. Suppose h = b - 15 + 2. What is the remainder when 37 is divided by b?
11
Let s = 28 + -20. Calculate the remainder when 22 is divided by s.
6
Let k = -9 + 62. Calculate the remainder when k is divided by 14.
11
Let z(t) = t**2 + 3*t + 1. Suppose -4*u = -2*m + 22, -2*u = m + m + 8. What is the remainder when z(-3) is divided by m?
0
Suppose 2*v + 2*v = -q - 21, -5*q + 3*v - 59 = 0. Let a = q + 47. Calculate the remainder when a is divided by (6/(-15))/((-1)/30).
10
Suppose n - 6*n + 25 = s, 0 = -5*n + 3*s + 5. What is the remainder when 5 is divided by n?
1
Suppose -18*q = -16*q - 50. What is the remainder when 98 is divided by q?
23
Suppose -2*u - 4*y + 14 = 0, 5*u - 3*y = y - 7. Calculate the remainder when 4 is divided by u.
0
Let w be 3 - (3 + 0) - -2. Suppose -w*n + n - v + 62 = 0, -4*n = -3*v - 227. What is the remainder when n is divided by 20?
19
Let l(c) = 4*c - 7. Let q = 13 - 9. Let n(b) = b**3 - 3*b**2 - 3*b + 2. Calculate the remainder when l(6) is divided by n(q).
5
Suppose 0 = -c - 4 + 29. Suppose -3*v - c = -103. What is the remainder when 101 is divided by v?
23
Suppose -17 = -2*c + 203. What is the remainder when c is divided by 28?
26
Suppose 5*x - 40 = 440. Let p = -58 + x. Suppose 0 = -4*g + b - 0*b + 54, -2*g - 5*b = -16. What is the remainder when p is divided by g?
12
Suppose -6*y + 2*y + 56 = 3*h, -10 = -5*y. What is the remainder when 76 is divided by h?
12
Let x be 4/(-10) - (-522)/5. What is the remainder when (2*1)/(16/x) is divided by 7?
6
Let b(q) = q**2 - 18*q. Calculate the remainder when b(21) is divided by 13.
11
Suppose 2*d + 2 - 58 = 0. Let t = d - -27. Let u = t - 33. What is the remainder when u is divided by 8?
6
Let s(j) = 8*j - 13. Calculate the remainder when s(7) is divided by 15.
13
Let k = 706 + -688. Calculate the remainder when 1/1 + -1 + 52 is divided by k.
16
Suppose -2*q + q + 38 = 0. Suppose -2*t = -0 - q. What is the remainder when 36 is divided by t?
17
Let r(b) = -10*b. What is the remainder when r(-3) is divided by 9?
3
Let b = 0 - -2. Suppose 42 = 2*c + 4*a, -b*a = -a - 5. Suppose -79 = -3*u + 17. What is the remainder when u is divided by c?
10
Let u = -64 + 68. Calculate the remainder when u is divided by 2.
0
Let g = -103 - -148. What is the remainder when g is divided by 24?
21
Let f(w) = -w**2 + 12*w - 6. Suppose d = 4*s - 324, -3*d - 132 = 4*s - 472. Calculate the remainder when s is divided by f(9).
19
Suppose -27*p + 14 = -25*p. What is the remainder when 41 is divided by p?
6
Let n(t) = -10*t**2 - 6*t - 6. Let h(g) = -11*g**2 - 7*g - 7. Let c(f) = 5*h(f) - 6*n(f). Calculate the remainder when c(2) is divided by 12.
11
What is the remainder when (-12)/36*(-196 + 1) is divided by 17?
14
Let v = 12 + -6. Suppose -65 = -v*k + k. Suppose 0*q - 4*z = -2*q + 16, 3*z = -6. Calculate the remainder when k is divided by q.
1
Let n be 1/2*(-4)/(-2). Let t be (-27)/(-9)*4/6. Suppose t = p - n. Calculate the remainder when 7 is divided by p.
1
Suppose 4*d = 2*i + 44, i - 8 = -i. Suppose 0 = 4*b + b - 35. Calculate the remainder when d is divided by b.
6
Let a(f) = 3*f - 8. Let v be (-5)/(-20) - (-7)/4. Suppose 2*z - 36 = -v*z. Calculate the remainder when 54 is divided by a(z).
16
Let s(d) = 2*d**3 + 12*d**2 - 4*d - 2. What is the remainder when 85 is divided by s(-6)?
19
Let p = 964 - 907. What is the remainder when p is divided by (2/4)/((-2)/(-116))?
28
Suppose 0 = -2*i + 3*b - b + 114, -3*b + 3 = 0. What is the remainder when i is divided by 15?
13
Let j = 13 + -7. Suppose 3*p - 2 = -3*d + 4*p, 2*d + p = 3. What is the remainder when 6*(d - (-5)/3) is divided by j?
4
Suppose 2 = -g + 95. What is the remainder when g is divided by ((2/6)/1)/(11/792)?
21
Suppose 2*g - 4*q = 104, 0 = -3*g - q + 69 + 108. Let x(v) = -12*v - 4. Let i = 17 - 19. What is the remainder when g is divided by x(i)?
18
Suppose -5*v + 2 = -8. Suppose f - v*f = -52. What is the remainder when f is divided by 14?
10
Let d = 16 - 7. What is the remainder when d is divided by 5?
4
Let u(d) = d**3 - 4*d**2 - d - 7. Let g(x) = -x**3 + x. Suppose -h = 3 - 0. Calculate the remainder when g(h) is divided by u(5).
11
Suppose -3*d - 3*i = -i - 46, 8 = -2*i. Let l(y) = -4*y + 2. What is the remainder when d is divided by l(-2)?
8
Let c be (-2)/(-8) + (-28)/(-16). Suppose 21 = 3*d - 5*v + c*v, -16 = -d + 4*v. Let n(s) = s**2 - 9*s + 7. Calculate the remainder when n(9) is divided by d.
3
Suppose 3*p + 2*p = 30. Let h = 6 + 15. What is the remainder when h is divided by p?
3
Let y = -20 + 28. Suppose 3*h = 3*z + 24, -5*h - 4*z - 11 = -2*h. Suppose -15 = -h*c, c + 30 = 4*d + 3*c. What is the remainder when y is divided by d?
3
Suppose 4*k - 1 = 23. Let u be ((-8)/12)/((-4)/k). What is the remainder when 28 is divided by (15 - -1) + (u - 2)?
13
What is the remainder when 29 is divided by ((-4)/(-6))/((-2)/(-51))?
12
Suppose -9*u - 115 = -14*u. Calculate the remainder when u is divided by 13.
10
Let w = -35 + 52. Calculate the remainder when 66 is divided by w.
15
Suppose -3 = -3*c + 30. Let s = -8 + 12. What is the remainder when c is divided by s?
3
Suppose 2*z = 14 + 18. Calculate the remainder when 46 is divided by z.
14
Suppose 4*i + 16 = 5*x - 19, -5*i + x - 28 = 0. Let r = -2 - i. What is the remainder when 8 is divided by r?
2
Suppose 3*h = 12 - 0. Suppose -4*s + s = 5*u - 21, -10 = -h*u + s. What is the remainder when 3 is divided by u?
0
Suppose 0*w + 3 = w. What is the remainder when 10 is divided by w?
1
Suppose -4*o + v + 316 = -3*v, 0 = 2*o - v - 162. Calculate the remainder when o is divided by 17.
15
Suppose 7 = -q + 2*q. Suppose q*v - 3*v - 100 = 0. What is the remainder when v is divided by 14?
11
Let h(z) = -9*z - 4. Let x be (3 + (-5)/2)*-8. Calculate the remainder when 94 is divided by h(x).
30
Suppose 2*c = 2*h - 24, -h + 3*c = -9 - 3. What is the remainder when 22 is divided by h?
10
Suppose 2 = -v + 4. Suppose -v*b = -0*h - 2*h + 14, -3*h + b = -19. Calculate the remainder when h is divided b